omposite number?
False
Suppose -5*w = 5 - 85. Let y = 10 - w. Let q(o) = -42*o + 11. Is q(y) a composite number?
False
Let j = 20080 - 8409. Is j prime?
False
Suppose 5587 = -9*i - 17156. Let x = i + 3812. Is x composite?
True
Let m(n) = -n**3 - 11*n**2 - 2*n + 9. Let f be 1 - (-3 - (-68)/4). Is m(f) prime?
True
Suppose -4*u - 3*n = -10 - 3, n = 2*u - 9. Suppose u*h + 1 + 3 = 0. Is (12/4)/(h/(-151)) a composite number?
True
Suppose -2*t - 1 = -5. Suppose -4*d - t*m + 18 = d, -4 = -m. Suppose 5*a + d*c - 193 = 0, -2*c + c + 41 = a. Is a composite?
False
Is (-87726)/12*(-5 + 3) a composite number?
False
Let i(d) = d + 8. Let s(j) = -2*j - 17. Let x(m) = -5*i(m) - 3*s(m). Let g be x(-8). Suppose g*l = -3*q + 66, -5*q + 2*q - 29 = -2*l. Is l a prime number?
True
Let g = -15 + 18. Suppose m - q = g*q - 7, 0 = -4*m + 4*q - 88. Let c = m + 48. Is c a composite number?
True
Let u(v) = -v - 7. Let j be u(-9). Suppose -4*f - 21 = 3*o, -j*f - 5*o + 0*o - 21 = 0. Is (f/1 + -142)*-1 a prime number?
False
Let n(p) = 668*p + 517. Is n(57) a composite number?
False
Is ((-44)/20)/((-3)/11805) composite?
True
Let m = 52 + -49. Is ((-10)/m + 3)/((-2)/1164) composite?
True
Let z(s) = 41*s**2 + 28*s + 21. Is z(8) a prime number?
False
Suppose 0 = -0*u + 5*u - 10. Suppose -9*t + 5*t + 841 = -3*v, u*v = t - 209. Is t composite?
False
Suppose 2*a + 40 = 4*i, 0 = a - 3*i + 14 + 7. Let r = a - -19. Is r/(-1) - (-318)/2 a composite number?
True
Let j = -164 - -84. Let w = j - -477. Is w a composite number?
False
Let q(y) = y**2 - y - 8. Let o be q(0). Let c be ((-18)/(-6))/((-6)/o). Is (4 - -1568)/c - -4 a composite number?
False
Let f(a) = 3*a**2 - 5*a - 1. Let j be f(2). Let s = 27 - 19. Is 124/s*2*j a composite number?
False
Let y(z) = 331*z. Let h be y(1). Suppose -3*m - k + 3*k = -1009, -2*k + h = m. Is m a prime number?
False
Let x = 22838 + 54497. Is x prime?
False
Let x be 7 - 7 - 4*3. Let o = x + 14. Suppose -790 = -o*y - 0*y - 3*h, y + 5*h - 388 = 0. Is y a prime number?
False
Let j = 6495 + -878. Is j composite?
True
Suppose 64 = o + 15. Let c = -77 + o. Is c/(-70) + 2206/10 prime?
False
Suppose -2*r + 3*c - 1303 = 0, -5*r - 3*c - c = 3292. Suppose -3*m = 4*f - 6710 + 1750, 0 = -5*f - m + 6211. Let i = r + f. Is i prime?
True
Let f = 216118 - 152217. Is f a prime number?
True
Let l(c) = c**3 + 56*c**2 + 54*c + 233. Is l(-44) composite?
False
Let q be ((-4)/(-6))/((-40)/(-18) - 2). Suppose -i + 1101 = 2*v, q*i - 5*v - 4970 = -1623. Is i prime?
True
Suppose 2*g - 5*g = -j - 2, 5*g = 2*j + 1. Is j a composite number?
False
Let p = 606 - 358. Let q = p - -801. Is q prime?
True
Suppose -15*u = -19*u - 5*y + 100258, 2*u + 4*y = 50126. Is u a prime number?
False
Let k(m) = 428*m + 13. Let o(y) = -y - 3. Let n be o(-5). Is k(n) a composite number?
True
Let c(j) = -2*j**3 + 3*j**2 - 2*j + 4. Suppose 5*v + 0*v - 15 = 0. Let z be c(v). Let f = 152 + z. Is f composite?
True
Suppose -3*s = -158 - 19. Let y = -69 - -97. Let l = y + s. Is l prime?
False
Let h = 1 - -9. Let f = 18 - h. Is (-54)/(-8) - 6/f a composite number?
True
Let x(d) = -3404*d + 57. Is x(-2) a prime number?
False
Suppose 16 = 2*t - 2*s, 0 = -2*t - 0*t - s + 7. Suppose c = -t*l + 1057, 0*l - 209 = -l + c. Is l a prime number?
True
Let j = 1442 + 1137. Is j prime?
True
Suppose 0 = u - 0*u - 7. Let p(j) = -5*j**3 - 11*j**2 - 4. Let s(m) = -m**3 - m**2 + m + 1. Let l(o) = p(o) - 6*s(o). Is l(u) prime?
False
Let k = -5909 - -9000. Is k a composite number?
True
Suppose -3*i + 3*q - 187 = -4087, 4*i = -2*q + 5170. Let j = 2680 - i. Is j composite?
True
Let t(d) = d**2 + 8*d + 9. Let c be t(-7). Let h(v) = -13*v - 34. Let g(l) = 12*l + 34. Let n(i) = c*g(i) + 3*h(i). Is n(-15) prime?
True
Suppose 144*i = -5*r + 145*i + 1563900, -2*r + 625537 = -5*i. Is r composite?
True
Let y(d) = d**3 - 18*d**2 - 14*d - 67. Is y(22) a prime number?
False
Let p be 14/(-15)*-6 - 42/70. Suppose p*x = a - 1044, -5*a + 3928 = -3*x - 1270. Is a composite?
False
Suppose -202*z - 573 = -203*z. Is z a composite number?
True
Let p(c) = -c**3 + 44*c**2 + 6*c - 5. Is p(26) a prime number?
False
Suppose 0 = 21*f - 1126121 - 602641. Is f a composite number?
True
Suppose 4*k - 19 - 2 = -d, -2*k - 2*d + 6 = 0. Let n be (-3 - (-28)/k)*12. Let r = 69 + n. Is r composite?
False
Suppose 0 = 3*h - h - 16. Let w be (12 + 6)/(6/h). Let r = w + -14. Is r prime?
False
Suppose 0 = 4*n - 34 + 18. Is -4*35/(-10)*34/n composite?
True
Let p = 79739 + -10368. Is p composite?
False
Let d(n) = -n**3 - 8*n**2 + 8*n - 9. Let b be d(-9). Suppose 0 = -b*t + t - 487. Is t a prime number?
True
Let d = 2666 - 1269. Is d composite?
True
Suppose u - 375 = -4*u + 5*o, -3*u - 5*o + 217 = 0. Suppose 0 = 72*n - u*n + 614. Is n a composite number?
False
Let d = -5422 + 3753. Let r = d + 2400. Is r composite?
True
Let x be (-29)/((-7)/(-2) - 4). Suppose 163 = -57*a + x*a. Is a composite?
False
Suppose -h - 5*h = 11904. Let j = -2888 - -1623. Let x = j - h. Is x a prime number?
True
Suppose 5*r - i - 4*i + 100 = 0, r + 28 = 5*i. Let c be ((-37)/1)/(9/r). Suppose -3*q + c = -q. Is q composite?
False
Is (-2)/(-3) - 44110/(-66) composite?
True
Suppose -15 = -g - 4*g. Let u(m) = 6*m - 4 + 5*m + g*m. Is u(7) composite?
True
Let u = -8 + 11. Suppose 0 = -3*i + 12, y - 2*y + u*i = -475. Is y prime?
True
Let l(m) = m**2 - 9*m - 18. Let k be l(11). Let b = 1144 - 324. Suppose -3*s - 312 + 107 = -x, k*x - 5*s - b = 0. Is x a composite number?
True
Suppose 2*p = -2*j + 326, -j = -3*p - 173 + 658. Is (p - 6/2)*(1 + 0) prime?
False
Suppose 4*q - 119737 = -l, 2*q - 4*l - 8042 - 51804 = 0. Is q composite?
True
Suppose 5*v = -5*x + 57555, x = -5*v + 10079 + 1424. Is x composite?
True
Suppose 43*w = 42*w + 2026. Let o = w - 389. Is o a composite number?
False
Let a(j) = j**2 - 4*j - 5. Let x be a(5). Let l(o) be the second derivative of o**3/6 + 127*o**2/2 - 3*o - 3. Is l(x) a prime number?
True
Let r(j) be the third derivative of 17*j**5/60 + 5*j**4/24 - j**3/6 - 2*j**2. Is r(-4) a composite number?
False
Let i be (172/8)/(3/18). Let f = i + -32. Is f a prime number?
True
Suppose 4*j = j + 27. Suppose u - j*u + 976 = 0. Is u a prime number?
False
Let d(l) = -2*l**2 - 7*l + 7. Let i be d(-4). Suppose 12 = 3*t, -3133 = 4*u - 9*u + i*t. Is u composite?
True
Let n(d) be the second derivative of 35*d**4/3 + d**3/2 + 3*d**2 - 6*d. Is n(-5) composite?
False
Suppose 10*i = 11*i - 1. Is i/(5/(3155/1)) prime?
True
Suppose g = -2*g + 102. Let l be g/(-10) - 6/(-15). Is l/(-12) + 2515/4 a composite number?
True
Let a be -4 + 1 - -1*722. Suppose 2289 = 4*z + 2*b + a, -b = -3*z + 1170. Is z composite?
True
Suppose -s + 38 = 5*w + 1, s - 2 = 0. Let n = 159 + w. Is n prime?
False
Let q be (-70)/(-30) - (-2)/3. Suppose -q*o = -2*a - 1, -2*a - 7 = -0*a - 5*o. Suppose -3*x = -7*g + 2*g + 176, -a*g - x = -151. Is g a prime number?
True
Let i be (-1)/(-5) - 7/35. Suppose -3*o + 11*o - 19496 = i. Is o composite?
False
Let p = 2064 + 83. Is p a composite number?
True
Let r be (-63)/(-18) + (-2)/4. Let i = 75 - -97. Suppose -r*s + s = -i. Is s a prime number?
False
Suppose -4*x = -7*x + 15, 0 = -5*d - 4*x + 7370. Suppose -5*v + w + d = 0, -3*v - w = -461 - 413. Is v prime?
True
Suppose -27*z - 36491 = -152348. Is z a composite number?
True
Let h(m) be the first derivative of -m**4/4 - 5*m**3 + 10*m**2 - 21*m + 44. Is h(-20) a composite number?
False
Is 6*60/(-36) - -76811 a prime number?
True
Is (102/(-12) - -4)*-2 composite?
True
Suppose 0*q = 4*q - 3*w + 3, 37 = 4*q + 5*w. Suppose q = -y + 2*y. Is y + 0 - 1084/(-2) prime?
False
Suppose 7*v + 95 - 67 = 0. Let t(i) = -4*i**3 + 2*i**2 + 14*i + 1. Let d(w) = -4*w**3 + w**2 + 13*w + 1. Let z(u) = 6*d(u) - 5*t(u). Is z(v) a composite number?
True
Let o(q) = 196*q**2 - 52*q + 25. Is o(-11) a prime number?
False
Let x = 2742 - -14939. Is x a prime number?
True
Let d = -5 + 11. Suppose d*a = 86 + 1240. Is a a prime number?
False
Let n(r) be the third derivative of r**5/60 - r**4/6 + 257*r**3/6 + 10*r**2. Is n(0) prime?
True
Suppose -4*f - 4 = -5*f. Suppose -695 = -3*j + 2*d, -d = f*d - 25. Is j a composite number?
True
Let v(z) be the second derivative of -23*z**3/3 - 3*z**2/2 + 7*z. Is v(-7) composite?
True
Let t = -16056 + 39049. Is t a prime number?
True
Let s = 